etermine o(-11).
-242
Let i(q) = 351*q + 2521. What is i(-11)?
-1340
Let c(k) = 20128*k - 161031. Give c(8).
-7
Let b(m) = 3*m**3 - 210*m**2 - 96*m + 6725. What is b(70)?
5
Let c(u) = 5358*u - 2303939. Determine c(430).
1
Let u(f) = -f**3 + 14*f**2 - 1654*f - 10627. Give u(-6).
17
Let z(g) = 12*g**2 - 531*g + 3572. Give z(36).
8
Let x(k) = 403*k + 46544. Give x(-115).
199
Let m(t) = -3*t**2 - 116*t - 377. What is m(-37)?
-192
Let l(c) = -674*c + 3683. Calculate l(6).
-361
Let k(f) = -5*f**2 - 5334*f + 315571. Determine k(-1123).
8
Let q(f) = -11*f**2 - 37*f - 404. Determine q(-9).
-962
Let d(o) = -360*o + 138630. Determine d(385).
30
Let m(s) = -21*s - 2516. Calculate m(-122).
46
Let y(v) = -5*v**3 + 64*v**2 - 93*v - 100. What is y(11)?
-34
Let c(m) = 8*m**3 + 42*m**2 - 113*m - 596. Give c(-4).
16
Let v(i) = 1798*i - 10703. Determine v(6).
85
Let n(i) = 2*i**3 + 7*i**2 - 21*i - 414. What is n(-6)?
-468
Let o(l) = -382*l + 10707. Determine o(28).
11
Let y(i) = -2*i**2 - 3012*i + 21183. What is y(7)?
1
Let p(g) = 8606208*g + 51637255. Determine p(-6).
7
Let p(j) = -j**2 - 125*j + 1448. What is p(-137)?
-196
Let a(h) = -65*h - 618. Give a(-24).
942
Let j(p) = -4353*p - 191541. Calculate j(-44).
-9
Let r(a) = a**3 - 4405*a**2 + 139939*a - 92. Calculate r(32).
4
Let k(r) = -r**2 + 174*r + 27261. What is k(-100)?
-139
Let k(h) = -1771*h - 940385. Give k(-531).
16
Let m(q) = q**3 - 61*q**2 + 237*q - 619. Determine m(57).
-106
Let q(s) = -s**3 + 698*s**2 - 114235*s + 789. What is q(262)?
3
Let o(q) = 3289*q + 133156. Determine o(-40).
1596
Let p(q) = q**3 + 82*q**2 - 661*q - 3266. Give p(-89).
116
Let d(s) = -33866*s - 169067. What is d(-5)?
263
Let n(s) = 6*s**2 - 89*s + 209. Give n(7).
-120
Let d(z) = 371*z - 12430. Calculate d(34).
184
Let i(t) = -30022*t + 180341. What is i(6)?
209
Let z(s) = 8*s**2 - 116*s - 72. Give z(13).
-228
Let t(a) = 2108*a + 120160. What is t(-57)?
4
Let i(d) = 5*d**2 - 4273*d + 8540. Give i(2).
14
Let s(h) = 2648*h - 371. What is s(0)?
-371
Let a(d) = 199*d - 17749. Calculate a(91).
360
Let l(y) = 5*y**2 + 1652*y + 16641. What is l(-320)?
1
Let p(v) = -v**2 - 229*v + 5724. Calculate p(25).
-626
Let t(r) = -3*r**2 - 14*r - 865. What is t(24)?
-2929
Let p(j) = -6*j**2 - 162*j - 980. Give p(-7).
-140
Let v(h) = 4*h**3 - 58*h**2 + 3700*h - 51347. Calculate v(14).
61
Let b(j) = 1165*j + 31191. Give b(-27).
-264
Let d(h) = h**3 - 225*h**2 + 1123*h - 100. What is d(5)?
15
Let r(w) = 29480*w - 5954977. What is r(202)?
-17
Let u(p) = 226311*p + 4526249. What is u(-20)?
29
Let c(a) = -6775*a - 7838697. Calculate c(-1157).
-22
Let v(b) = -5*b**2 - 871*b + 7760. Determine v(9).
-484
Let b(u) = 20941*u - 837745. What is b(40)?
-105
Let d(s) = -s**3 - 75*s**2 - 77*s - 810. What is d(-74)?
-588
Let r(a) = -77*a**2 - 2226*a + 2226. Determine r(1).
-77
Let v(j) = -47821*j + 47819. Determine v(1).
-2
Let k(y) = 2*y**3 - 39*y**2 + 175*y - 2266. Give k(19).
698
Let z(p) = -2357*p**2 - 165*p - 155. Give z(-1).
-2347
Let g(z) = 288*z - 13553. Determine g(47).
-17
Let d(q) = -q**3 - 40*q**2 - 1994*q - 83192. Determine d(-41).
243
Let k(t) = 13*t**2 - 269*t + 870. Calculate k(4).
2
Let j(k) = 2269*k + 7999. Give j(-3).
1192
Let b(q) = -1034*q - 108587. What is b(-105)?
-17
Let q(v) = 160352*v - 801686. Determine q(5).
74
Let s(q) = 7853*q - 926648. Determine s(118).
6
Let x(i) = 4*i**2 + 111*i + 573. Calculate x(-5).
118
Let k(g) = g**3 + 279*g**2 + 1480*g + 30172. Give k(-274).
32
Let a(b) = -466*b + 17359. Give a(34).
1515
Let x(h) = h**3 - 20*h**2 + 142*h - 6328. Determine x(25).
347
Let l(w) = -9372*w + 187649. What is l(20)?
209
Let n(x) = 4*x**3 - 85*x**2 - 537*x + 18. Determine n(-5).
78
Let l(v) = -31625*v - 62245. Determine l(-2).
1005
Let j(n) = n**3 + 218*n**2 - 1986*n + 12694. Calculate j(-227).
-245
Let m(x) = 16*x**2 + 883*x + 11006. Calculate m(-19).
5
Let q(v) = -9126*v - 46596. What is q(-5)?
-966
Let v(w) = -w**3 + 28*w**2 - 72*w + 1535. Determine v(27).
320
Let w(z) = 61270*z - 857795. What is w(14)?
-15
Let i(l) = 319*l - 12225. Calculate i(39).
216
Let i(q) = -2*q**2 + 468*q - 12449. Determine i(205).
-559
Let x(t) = t**2 + 683*t + 112460. What is x(-406)?
-2
Let h(z) = z**2 + 4667*z - 322049. What is h(68)?
-69
Let t(y) = 26052*y - 1067964. Determine t(41).
168
Let m(z) = -z**3 - 181*z**2 + 2114*z + 397. What is m(-192)?
13
Let z(b) = 203*b - 2294. Calculate z(12).
142
Let l(m) = -349*m**2 - 27*m + 56. Determine l(-1).
-266
Let k(l) = 7877*l - 188825. Determine k(24).
223
Let k(p) = p**3 - 50*p**2 + 544*p - 307. What is k(15)?
-22
Let w(h) = 5*h**2 - 33108*h + 66198. Give w(2).
2
Let n(j) = -10*j**2 + 288*j - 1761. Calculate n(20).
-1
Let i(c) = 51476*c - 1389885. Determine i(27).
-33
Let c(t) = 2762*t + 441656. Calculate c(-160).
-264
Let n(l) = -l**2 + 7353*l + 228908. Give n(-31).
4
Let m(u) = 3*u**3 - 39*u**2 - 23*u + 44. Give m(13).
-255
Let n(r) = -27828*r - 27873. What is n(-1)?
-45
Let s(b) = -2*b**3 + 99*b**2 + 365*b + 601. Determine s(53).
283
Let f(b) = -545*b - 3173. What is f(-6)?
97
Let s(d) = d**2 + 168*d - 50493. What is s(156)?
51
Let j(h) = 184*h**3 + 286*h**2 + 577*h + 26. Give j(-2).
-1456
Let o(i) = i**3 + 20*i**2 + 38*i + 51. Determine o(-18).
15
Let j(h) = -111*h**2 - 373. Calculate j(0).
-373
Let v(t) = -13418*t + 791673. Determine v(59).
11
Let r(q) = -6198*q - 495847. Give r(-80).
-7
Let m(p) = 3*p**3 + 2318*p**2 + 243934*p + 9710. Calculate m(-647).
5
Let f(x) = -38*x**3 + 951*x**2 - 31*x + 159. Give f(25).
9
Let u(p) = 4*p**2 - 2*p - 299. Calculate u(11).
163
Let j(b) = 16576*b - 7359750. Determine j(444).
-6
Let y(t) = 20*t**2 - 77*t - 399. Calculate y(-6).
783
Let l(u) = -2188*u - 157524. Determine l(-72).
12
Let t(i) = -32*i**2 + 3857*i + 74832. Determine t(-17).
15
Let f(v) = -17*v**2 + 5053*v - 5415. Calculate f(296).
801
Let m(g) = -501*g**2 - 3092*g - 15. Calculate m(-6).
501
Let g(c) = c**3 + 16*c**2 + 27*c + 622. Give g(-10).
952
Let g(a) = -a**3 - 147*a**2 - 3031*a + 473. What is g(-25)?
-2
Let v(i) = -87*i**2 + 29*i - 25. Calculate v(-3).
-895
Let u(o) = 4*o**2 - 4339*o - 17372. What is u(-4)?
48
Let w(h) = -2885670*h + 31742356. Determine w(11).
-14
Let l(o) = -o**3 + 27*o**2 + 312*o - 8484. Give l(29).
-1118
Let f(m) = m**2 + 3296*m + 957640. Determine f(-322).
12
Let r(w) = 3*w**2 - 32*w + 59. What is r(19)?
534
Let t(i) = 39*i**2 - 1534*i + 9155. Determine t(32).
3
Let y(q) = 719*q + 3700. What is y(-6)?
-614
Let s(v) = -2*v**2 - 1105*v - 13009. Calculate s(-12).
-37
Let k(l) = -544*l**2 + 18551*l - 1881. Calculate k(34).
-11
Let w(i) = -i**2 + 82*i - 2311. Give w(51).
-730
Let y(g) = -1165*g**2 - 15147*g - 13. Give y(-13).
13
Let s(b) = 4*b**2 + 398*b - 5876. Calculate s(13).
-26
Let d(s) = -231*s**2 + 1677*s - 1675. Give d(1).
-229
Let w(b) = b**2 - 1221*b - 32508. Calculate w(-26).
-86
Let c(v) = -2*v**3 - 474*v**2 + 4934*v - 1548. What is c(-247)?
-66
Let n(f) = -f**3 - 48*f**2 - 503*f + 1782. Give n(-26).
-12
Let o(t) = 6287*t**2 - 62839*t - 318. What is o(10)?
-8
Let m(u) = 2197272*u + 19775442. Give m(-9).
-6
Let n(s) = 2889*s + 164. Determine n(1).
3053
Let o(d) = -d**2 - 1931*d + 48902. Calculate o(25).
2
Let j(a) = a**3 + 601*a**2 - 27691*a + 635. Determine j(-644).
-9
Let b(q) = 1377*q - 74282. Give b(54).
76
Let s(y) = 7482*y + 246848. Calculate s(-33).
-58
Let w(q) = 6*q**2 + 1932*q - 22227. What is w(11)?
-249
Let i(q) = 12*q**2 - 1446*q + 531. Give i(120).
-189
Let t(a) = a**3 - 23*a**2 + 47*a - 281. What is t(22)?
269
Let n(z) = -1329*z - 253832. Calculate n(-191).
7
Let z(r) = 76*r**2 - 17461*r - 17465. Determine z(-1).
72
Let b(f) = -f**3 + 580*f**2 + 10756*f - 144. What is b(-18)?
0
Let l(g) = -14*g**2 - 8443*g - 34115. Give l(-599).
28
Let o(t) = 16*t + 734. What is o(65)?
1774
Let c(o) = 5*o**2 - 2263*o - 920. What is c(453)?
-14
Let r(i) = i**3 + 1011*i**2 + 10017*i + 73. Give r(-10).
3
Let c(z) = 46158*z - 92312. Calculate c(2).
4
Let g(j) = -3121*j - 106156. Give g(-34).
-42
Let v(t) = -t**2 - 140*t + 2197. What is v(0)?
2197
Let g(v) = -198052*v + 1584405. Calculate g(8).
-11
Let u(j) = -2043*j - 606907. Calculate u(-297).
-136
Let q(x) = x**3 + 3*x**2 - 49*x + 249. Calculate q(5).
204
Let i(q) = -364*q**2 - 3921*q + 920. Determine i(-11).
7
Let m(o) =